{"id":67,"date":"2020-12-01T14:57:11","date_gmt":"2020-12-01T13:57:11","guid":{"rendered":"https:\/\/ecoletrezien-plouarzel.com\/index.php\/home\/"},"modified":"2024-11-09T10:19:30","modified_gmt":"2024-11-09T09:19:30","slug":"home","status":"publish","type":"page","link":"https:\/\/ecoletrezien-plouarzel.com\/","title":{"rendered":"L&rsquo;\u00e9cole du \u00ab\u00a0Phare Ouest\u00a0\u00bb"},"content":{"rendered":"\n<p>L&rsquo;\u00e9cole Tr\u00e9zien est l&rsquo;\u00e9cole publique de la commune de Plouarzel.<\/p>\n\n\n\n<p>C&rsquo;est l&rsquo;\u00e9cole du \u00ab\u00a0Bout du Monde\u00a0\u00bb, \u00e0 une enc\u00e2blure de la Pointe du Corsen, la pointe la plus \u00e0 l&rsquo;Ouest de la France m\u00e9tropolitaine, et du phare de Tr\u00e9zien, situ\u00e9 \u00e0 1 km dans les terres.<\/p>\n\n\n\n<p>C&rsquo;est une petite \u00e9cole familiale et conviviale qui compte 6 classes dont 1 classe bilingue fran\u00e7ais-breton pour environ 130 \u00e9l\u00e8ves, avec une \u00e9quipe p\u00e9dagogique stable et une association de parents d&rsquo;\u00e9l\u00e8ves dynamique.<\/p>\n\n\n\n<p>C&rsquo;est une \u00e9cole o\u00f9 il fait bon vivre, avec des locaux spacieux et lumineux : toutes les classes sont de plain-pied et ouvrent sur l&rsquo;ext\u00e9rieur par de larges baies vitr\u00e9es ; les cours de r\u00e9cr\u00e9ation de la maternelle et de l&rsquo;\u00e9l\u00e9mentaire sont vastes et  paysag\u00e9es, avec des structures de jeux adapt\u00e9es \u00e0 l&rsquo;\u00e2ge des enfants.<\/p>\n\n\n\n<p>C&rsquo;est une \u00e9cole \u00e0 la pointe de la technologie num\u00e9rique puisque toutes les classes b\u00e9n\u00e9ficient d&rsquo;un tableau interactif, d&rsquo;ordinateurs et de tablettes.<\/p>\n\n\n\n<p>C&rsquo;est une \u00e9cole engag\u00e9e en mati\u00e8re de p\u00e9dagogie, qui a pour ambition d&rsquo;am\u00e9liorer la r\u00e9ussite de tous ses \u00e9l\u00e8ves, d&rsquo;am\u00e9liorer le bien-\u00eatre \u00e0 l&rsquo;\u00e9cole et de former de futurs citoyens autonomes et responsables.<\/p>\n\n\n\n<p>C&rsquo;est une \u00e9cole engag\u00e9e dans une d\u00e9marche de d\u00e9veloppement durable gr\u00e2ce au travail en partenariat avec le Parc Marin d&rsquo;Iroise et des associations investies dans la protection de l&rsquo;environnement.<\/p>\n\n\n\n<p>C&rsquo;est l&rsquo;\u00e9cole o\u00f9 vos enfants pourront suivre une scolarit\u00e9 joyeuse et paisible, de la Toute Petite Section au CM2, et dont ils garderont des souvenirs inoubliables !<\/p>\n\n\n\n<h2 class=\"wp-block-heading\">Nos coordonn\u00e9es<\/h2>\n\n\n\n<p>Ecole Tr\u00e9zien<\/p>\n\n\n\n<p>8 rue Herv\u00e9 de Porsmoguer<\/p>\n\n\n\n<p>29810 Plouarzel<\/p>\n\n\n\n<p>02 98 89 65 98 \/ 06 62 72 69 66<\/p>\n\n\n\n<p>ec.0290860C@ac-rennes.fr<\/p>\n\n\n\n<p>Directrice : Laurence Leclerc<\/p>\n\n\n\n<h2 class=\"wp-block-heading\">C\u00f4t\u00e9 pratique<\/h2>\n\n\n\n<div class=\"wp-block-buttons is-layout-flex wp-block-buttons-is-layout-flex\">\n<div class=\"wp-block-button is-style-outline is-style-outline--1\"><a class=\"wp-block-button__link wp-element-button\">Restauration sur place<\/a><\/div>\n<\/div>\n\n\n\n<p>La cantine est municipale, les repas sont pr\u00e9par\u00e9s au bourg et achemin\u00e9s en liaison chaude ou froide jusqu&rsquo;au r\u00e9fectoire de Tr\u00e9zien.<\/p>\n\n\n\n<div class=\"wp-block-buttons is-layout-flex wp-block-buttons-is-layout-flex\">\n<div class=\"wp-block-button is-style-outline is-style-outline--2\"><a class=\"wp-block-button__link wp-element-button\">Garderie sur place<\/a><\/div>\n<\/div>\n\n\n\n<p>La garderie est g\u00e9r\u00e9e par l&rsquo;Association Familles Rurales qui a des locaux au bourg et \u00e0 Tr\u00e9zien.<\/p>\n\n\n\n<div class=\"wp-block-buttons is-layout-flex wp-block-buttons-is-layout-flex\">\n<div class=\"wp-block-button is-style-outline is-style-outline--3\"><a class=\"wp-block-button__link wp-element-button\">Transport scolaire<\/a><\/div>\n<\/div>\n\n\n\n<p>L&rsquo;\u00e9cole est desservie par le transport scolaire qui peut prendre en charge votre enfant \u00e0 son domicile ou \u00e0 la garderie du bourg.<\/p>\n","protected":false},"excerpt":{"rendered":"<p>L&rsquo;\u00e9cole Tr\u00e9zien est l&rsquo;\u00e9cole publique de la commune de Plouarzel. C&rsquo;est l&rsquo;\u00e9cole du \u00ab\u00a0Bout du Monde\u00a0\u00bb, \u00e0 une enc\u00e2blure de la Pointe du Corsen, la pointe la plus \u00e0 l&rsquo;Ouest de la France m\u00e9tropolitaine, et du phare de Tr\u00e9zien, situ\u00e9 \u00e0 1 km dans les terres. C&rsquo;est une petite \u00e9cole familiale et conviviale qui compte &hellip; <a href=\"https:\/\/ecoletrezien-plouarzel.com\/\" class=\"more-link\">Continuer la lecture<span class=\"screen-reader-text\"> de &laquo;&nbsp;L&rsquo;\u00e9cole du \u00ab\u00a0Phare Ouest\u00a0\u00bb&nbsp;&raquo;<\/span><\/a><\/p>\n","protected":false},"author":1,"featured_media":0,"parent":0,"menu_order":0,"comment_status":"closed","ping_status":"closed","template":"template-business.php","meta":{"footnotes":""},"class_list":["post-67","page","type-page","status-publish","hentry"],"_links":{"self":[{"href":"https:\/\/ecoletrezien-plouarzel.com\/index.php\/wp-json\/wp\/v2\/pages\/67","targetHints":{"allow":["GET"]}}],"collection":[{"href":"https:\/\/ecoletrezien-plouarzel.com\/index.php\/wp-json\/wp\/v2\/pages"}],"about":[{"href":"https:\/\/ecoletrezien-plouarzel.com\/index.php\/wp-json\/wp\/v2\/types\/page"}],"author":[{"embeddable":true,"href":"https:\/\/ecoletrezien-plouarzel.com\/index.php\/wp-json\/wp\/v2\/users\/1"}],"replies":[{"embeddable":true,"href":"https:\/\/ecoletrezien-plouarzel.com\/index.php\/wp-json\/wp\/v2\/comments?post=67"}],"version-history":[{"count":11,"href":"https:\/\/ecoletrezien-plouarzel.com\/index.php\/wp-json\/wp\/v2\/pages\/67\/revisions"}],"predecessor-version":[{"id":1031,"href":"https:\/\/ecoletrezien-plouarzel.com\/index.php\/wp-json\/wp\/v2\/pages\/67\/revisions\/1031"}],"wp:attachment":[{"href":"https:\/\/ecoletrezien-plouarzel.com\/index.php\/wp-json\/wp\/v2\/media?parent=67"}],"curies":[{"name":"wp","href":"https:\/\/api.w.org\/{rel}","templated":true}]}}